- 12140?
-8403
In base 11, what is -a0493 - 154?
-a0637
In base 4, what is 113003 - 112302102?
-112123033
In base 3, what is 12 + 1010121222201202?
1010121222201221
In base 13, what is 417b + -ccb?
3180
In base 11, what is 5 + 27570a2?
27570a7
In base 12, what is -204131 - -206?
-203b27
In base 5, what is -10124 + 42131421?
42121242
In base 13, what is -1184 - -2b04?
1950
In base 12, what is -2 - -1384a5a1?
1384a59b
In base 11, what is -129510553 + 2?
-129510551
In base 10, what is 73 + 366483?
366556
In base 9, what is 26 + -47510610?
-47510573
In base 16, what is 35e - 17f6?
-1498
In base 14, what is c0 - -3176?
3256
In base 14, what is c4 - ab3a?
-aa56
In base 4, what is -2030203222101 + 2?
-2030203222033
In base 13, what is 3 + -1b6a89?
-1b6a86
In base 3, what is 1 + -20202220212121?
-20202220212120
In base 3, what is 0 + 112010211220101?
112010211220101
In base 6, what is 2 - 51224424?
-51224422
In base 10, what is 3993 + -4790?
-797
In base 10, what is -5 - -4757266?
4757261
In base 6, what is 230222 - -25024?
255250
In base 14, what is 47 + -10824?
-107bb
In base 10, what is 1802557 - 237?
1802320
In base 13, what is 1 - -228a7760?
228a7761
In base 16, what is -646 + 283d?
21f7
In base 14, what is -61718b6 - 1?
-61718b7
In base 10, what is -72129674 + -3?
-72129677
In base 6, what is 215153 + 1534?
221131
In base 12, what is 1 - -9075a546?
9075a547
In base 12, what is -103531432 + 3?
-10353142b
In base 4, what is -33230222102232 + 0?
-33230222102232
In base 12, what is -3 + 1602682?
160267b
In base 16, what is a58f22f6 + 0?
a58f22f6
In base 7, what is 1562 + -6514564?
-6513002
In base 6, what is 455544243105 - 1?
455544243104
In base 5, what is -32222012 + -3?
-32222020
In base 12, what is 0 + -3865218?
-3865218
In base 8, what is -51614225 + -2?
-51614227
In base 14, what is -9 + -55093a?
-550945
In base 7, what is 22504 + -1106?
21365
In base 15, what is 1b2e2 - 5c3?
1ac1e
In base 7, what is -155 + -452330?
-452515
In base 12, what is 4 + 112973405?
112973409
In base 13, what is -501a2a0 - -4?
-501a299
In base 16, what is -3efb13d - -5?
-3efb138
In base 15, what is -3b4 - -4046?
3b82
In base 2, what is -1001100110011010000011101 - -100?
-1001100110011010000011001
In base 11, what is 1199796a + -4?
11997966
In base 8, what is -516066705 + -4?
-516066711
In base 8, what is -23404 - 13110?
-36514
In base 15, what is 8 + -322333?
-32232a
In base 13, what is -1230003 + -53?
-1230056
In base 6, what is -234 - -134225252?
134225014
In base 12, what is 10 - -7185?
7195
In base 11, what is -198478 + 116?
-198362
In base 15, what is -1d406c - 42?
-1d40ae
In base 4, what is -2 - -320211002111?
320211002103
In base 9, what is 62576 - -2104?
64681
In base 3, what is 2000112012121 - 220?
2000112011201
In base 9, what is -1754260 + 113?
-1754146
In base 7, what is 4312 + -125204?
-120562
In base 16, what is -1deb30 + 5?
-1deb2b
In base 3, what is -12200 + 2012101011111?
2012100221211
In base 13, what is -17 + c18358?
c18341
In base 5, what is 22011140120 - 10?
22011140110
In base 8, what is 2361331051 - -4?
2361331055
In base 13, what is 13 + 187ba8?
187bbb
In base 14, what is 1377427b - -2?
1377427d
In base 8, what is -1726615 - -14?
-1726601
In base 15, what is 43 + 1e6b97?
1e6bda
In base 13, what is 602b790 + -8?
602b785
In base 16, what is 2 + -19913c9?
-19913c7
In base 15, what is 172861 + 6b?
1728cc
In base 8, what is -5121423630 + 5?
-5121423623
In base 4, what is 223322200121 + 0?
223322200121
In base 11, what is -19504 + 259?
-19256
In base 10, what is 2 + -15193676?
-15193674
In base 4, what is -32103313002 + -21?
-32103313023
In base 2, what is -1010 + -10101001011000010111001?
-10101001011000011000011
In base 15, what is 3c - 89eb0?
-89e73
In base 5, what is 231222 - -113243?
400020
In base 9, what is 0 - 26608274?
-26608274
In base 4, what is -120020122 - 312133?
-120332321
In base 2, what is 101010000110010 + 1011110000?
101011100100010
In base 9, what is 25 + -20183778?
-20183753
In base 8, what is -6 + 474016731?
474016723
In base 16, what is 1110a3 - 15?
11108e
In base 14, what is -107 + -da179?
-da282
In base 4, what is -10123113 - 11333310?
-22123023
In base 2, what is -1 - -100011101011111001111111?
100011101011111001111110
In base 3, what is 112211220221 + 1?
112211220222
In base 4, what is -102320 - 3102111?
-3211031
In base 14, what is -18823 + -21?
-18844
In base 8, what is 73315047 + 26?
73315075
In base 11, what is -87 + 48151a?
481443
In base 15, what is 33a10 + -40?
339c0
In base 5, what is 22214140 + -21111?
22143024
In base 12, what is 293 + -147586?
-1472b3
In base 8, what is 76761 + 46161?
145142
In base 10, what is -15 - 249907?
-249922
In base 15, what is 2a9051 + 5?
2a9056
In base 8, what is 3 + 6625245?
6625250
In base 9, what is -246 + 5101162?
5100815
In base 5, what is 23 - 2002141032?
-2002141004
In base 5, what is 13130200440 - 10?
13130200430
In base 8, what is 2 + -64543605?
-64543603
In base 8, what is 1054360 + -424?
1053734
In base 10, what is -11784 - -520?
-11264
In base 14, what is d26d + -60b?
ca62
In base 13, what is 3cbaca6 - 2?
3cbaca4
In base 6, what is -2311044 + -20041?
-2331125
In base 5, what is -231 + -1302210440?
-1302211221
In base 16, what is -169 + 7ac65?
7aafc
In base 7, what is -342265656 - 0?
-342265656
In base 15, what is 3 + bc76147?
bc7614a
In base 9, what is 18 + -5340204?
-5340175
In base 3, what is 110212100 + -2212100?
101000000
In base 9, what is -32826826 + 1?
-32826825
In base 16, what is c + 2045eed?
2045ef9
In base 7, what is 3626 - 425550?
-421621
In base 16, what is -1eaa53 + -1e?
-1eaa71
In base 4, what is 23 + -10120123202?
-10120123113
In base 15, what is 630d - 2446?
3db7
In base 5, what is -3222023 - 102110?
-3324133
In base 13, what is 222c4b - 0?
222c4b
In base 9, what is -1708 + -1302?
-3111
In base 6, what is -430 + 115225?
114355
In base 13, what is -13472275 + 2?
-13472273
In base 6, what is -2320155 + 512?
-2315243
In base 12, what is 6915b1 - 3?
6915aa
In base 10, what is 37799585 + -4?
37799581
In base 6, what is 5 + -303422352?
-303422343
In base 16, what is 0 - 7a2b1d?
-7a2b1d
In base 2, what is 100100001101111111011011111 - 10?
100100001101111111011011101
In base 13, what is 1 + c154cb?
c154cc
In base 9, what is -25164802 - -4?
-25164787
In base 11, what is -3 - -236215?
236212
In base 16, what is -a28 + -1709?
-2131
In base 6, what is 10054240002 - 2?
10054240000
In base 13, what is -13a38 - 8a?
-13ac5
In base 4, what is 220 - -111132100?
111132320
In base 3, what is -20011 + -1002022220?
-1002120001
In base 6, what is 13 - -11301301?
11301314
In base 10, what is -652 - 940043?
-940695
In base 12, what is -4 + 2132183?
213217b
In base 6, what is 1530001122 + -4?
1530001114
In base 7, what is -2 - 55000326?
-55000331
In base 2, what is -110110000011 + 10000010100100?
1001100100001
In base 2, what is -111100100100100 + -11101001011111?
-1011001110000011
In base 9, what is 18 + 808408?
808427
In base 3, what is 201221111111 - -102?
201221111220
In base 15, what is 672d - 8929?
-21eb
In base 15, what is 927e + -158?
9126
In base 8, what is -10611563 + -6?
-10611571
In base 2, what is 1001 + 10001100001000101001101001?
10001100001000101001110010
In base 4, what is -3 - 102211202320013?
-102211202320022
In base 5, what is 4 - 1041044343?
-1041044334
In base 12, what is -1a9459 - -21?
-1a9438
In base 5, what is 4 - 1241221044?
-1241221040
In base 14, what is d785236 + 2?
d785238
In base 11, what is -1a61 - -8091?
6130
In base 4, what is 3311300 + 22110?
10000010
In base 6, what is -23 + -14502011?
-14502034
In base 14, what is -5487a - -228?
-54652
In base 11, what is -25a + -370031?
-370290
In base 5, what is 234312 - -2404?
242221
In base 15, what is -250cb + 183?
-24e48
In base 8, what is -3 - 46237113?
-46237116
In base 16, what is 62 - -59181?
591e3
In base 12, what is -5 - 2506b44?
-2506b49
In base 8, what is -43 + 1732?
1667
In base 14, what is 2 - -80c8aa?
80c8ac
In base 7, what is 4 - -11214446355?
11214446362
In base 13, what is -cb25a37 + 1?
-cb25a36
In base 3, what is 12222200 + -1001021?
11221102
In base 10, what is 3570640 + 1?
3570641
In base 8, what is 600737020 + -3?
600737015
In base 4, what is 220033312 + 131?
220100103
In base 5, what 